e remainder when 11540 is divided by 1408?
276
What is the remainder when 37264 is divided by 12419?
7
What is the remainder when 806365 is divided by 19199?
7
What is the remainder when 2280 is divided by 181?
108
What is the remainder when 1908 is divided by 1785?
123
What is the remainder when 2337 is divided by 764?
45
Calculate the remainder when 431036 is divided by 99.
89
What is the remainder when 338697 is divided by 224?
9
Calculate the remainder when 13140 is divided by 1023.
864
Calculate the remainder when 10689 is divided by 41.
29
What is the remainder when 6583 is divided by 3284?
15
Calculate the remainder when 245113 is divided by 6450.
13
What is the remainder when 371 is divided by 234?
137
Calculate the remainder when 41153 is divided by 57.
56
Calculate the remainder when 5026 is divided by 60.
46
What is the remainder when 891 is divided by 343?
205
Calculate the remainder when 4530 is divided by 1132.
2
Calculate the remainder when 3095 is divided by 1097.
901
Calculate the remainder when 509001 is divided by 36.
33
Calculate the remainder when 1698 is divided by 439.
381
What is the remainder when 1030732 is divided by 112?
108
What is the remainder when 766 is divided by 305?
156
Calculate the remainder when 49116 is divided by 160.
156
What is the remainder when 87932 is divided by 128?
124
Calculate the remainder when 2734 is divided by 901.
31
What is the remainder when 1865 is divided by 948?
917
Calculate the remainder when 262801 is divided by 93.
76
Calculate the remainder when 1626 is divided by 320.
26
What is the remainder when 51502 is divided by 26?
22
What is the remainder when 10539 is divided by 155?
154
What is the remainder when 9499 is divided by 327?
16
Calculate the remainder when 466825 is divided by 171.
166
What is the remainder when 4685 is divided by 416?
109
What is the remainder when 527987 is divided by 471?
467
What is the remainder when 124156 is divided by 164?
8
Calculate the remainder when 140204 is divided by 17.
5
Calculate the remainder when 7218 is divided by 3298.
622
Calculate the remainder when 34152 is divided by 11371.
39
Calculate the remainder when 418684 is divided by 83734.
14
Calculate the remainder when 3133 is divided by 244.
205
Calculate the remainder when 2344 is divided by 273.
160
What is the remainder when 35742 is divided by 122?
118
What is the remainder when 34338 is divided by 8?
2
Calculate the remainder when 4991 is divided by 37.
33
What is the remainder when 78133 is divided by 9765?
13
What is the remainder when 3046789 is divided by 17?
15
Calculate the remainder when 174123 is divided by 87058.
7
What is the remainder when 14348 is divided by 277?
221
What is the remainder when 3359 is divided by 100?
59
Calculate the remainder when 14957 is divided by 13.
7
Calculate the remainder when 43905 is divided by 147.
99
Calculate the remainder when 1155562 is divided by 56.
2
Calculate the remainder when 121449 is divided by 87.
84
Calculate the remainder when 1532 is divided by 509.
5
What is the remainder when 1334986 is divided by 187?
180
Calculate the remainder when 3964 is divided by 493.
20
Calculate the remainder when 9066 is divided by 4239.
588
Calculate the remainder when 96887 is divided by 425.
412
What is the remainder when 129133 is divided by 15?
13
Calculate the remainder when 61126 is divided by 541.
534
Calculate the remainder when 10902 is divided by 1816.
6
What is the remainder when 1631 is divided by 291?
176
Calculate the remainder when 1860 is divided by 69.
66
Calculate the remainder when 4124 is divided by 429.
263
What is the remainder when 14610 is divided by 174?
168
What is the remainder when 21592 is divided by 40?
32
What is the remainder when 162088 is divided by 98?
94
What is the remainder when 41220 is divided by 130?
10
What is the remainder when 3445 is divided by 449?
302
What is the remainder when 6351 is divided by 4?
3
What is the remainder when 8716 is divided by 1076?
108
Calculate the remainder when 2942 is divided by 154.
16
Calculate the remainder when 499658 is divided by 1103.
1102
What is the remainder when 102639 is divided by 43?
41
What is the remainder when 4231416 is divided by 128?
120
What is the remainder when 1337147 is divided by 403?
396
Calculate the remainder when 194435 is divided by 396.
395
Calculate the remainder when 1207 is divided by 625.
582
Calculate the remainder when 240935 is divided by 80308.
11
Calculate the remainder when 29451 is divided by 795.
36
Calculate the remainder when 997521 is divided by 10.
1
What is the remainder when 11507 is divided by 170?
117
What is the remainder when 812927 is divided by 6?
5
What is the remainder when 13474 is divided by 3901?
1771
Calculate the remainder when 28182 is divided by 5.
2
Calculate the remainder when 64151 is divided by 6414.
11
Calculate the remainder when 144235 is divided by 18029.
3
Calculate the remainder when 29000 is divided by 302.
8
Calculate the remainder when 53771 is divided by 21.
11
What is the remainder when 315359 is divided by 540?
539
Calculate the remainder when 540886 is divided by 62.
60
Calculate the remainder when 23382 is divided by 21.
9
Calculate the remainder when 233 is divided by 167.
66
What is the remainder when 1147 is divided by 473?
201
Calculate the remainder when 8776 is divided by 54.
28
What is the remainder when 1281 is divided by 382?
135
What is the remainder when 1268 is divided by 111?
47
Calculate the remainder when 5207 is divided by 4.
3
What is the remainder when 4662 is divided by 1506?
144
Calculate the remainder when 134560 is divided by 1843.
21
Calculate the remainder when 5665 is divided by 259.
226
What is the remainder when 12410 is divided by 703?
459
What is the remainder when 58990 is divided by 1133?
74
Calculate the remainder when 632634 is divided by 15.
9
What is the remainder when 31898 is divided by 238?
6
Calculate the remainder when 4927 is divided by 2421.
85
Calculate the remainder when 26965 is divided by 461.
227
What is the remainder when 1150 is divided by 249?
154
What is the remainder when 1003407 is divided by 476?
475
Calculate the remainder when 1007 is divided by 959.
48
Calculate the remainder when 6736 is divided by 2239.
19
What is the remainder when 932326 is divided by 164?
150
Calculate the remainder when 145615 is divided by 958.
957
Calculate the remainder when 44342 is divided by 6331.
25
Calculate the remainder when 6541 is divided by 66.
7
What is the remainder when 583 is divided by 497?
86
What is the remainder when 192494 is divided by 891?
38
Calculate the remainder when 5307 is divided by 230.
17
What is the remainder when 771405 is divided by 198?
195
What is the remainder when 148556 is divided by 3?
2
Calculate the remainder when 4138 is divided by 1817.
504
What is the remainder when 3147 is divided by 1568?
11
Calculate the remainder when 3054 is divided by 645.
474
Calculate the remainder when 2130 is divided by 146.
86
Calculate the remainder when 9641 is divided by 838.
423
Calculate the remainder when 43652 is divided by 5.
2
What is the remainder when 21537 is divided by 11?
10
Calculate the remainder when 5380 is divided by 18.
16
Calculate the remainder when 5427 is divided by 216.
27
What is the remainder when 462 is divided by 89?
17
What is the remainder when 27328 is divided by 9105?
13
Calculate the remainder when 177836 is divided by 179.
89
Calculate the remainder when 19366 is divided by 152.
62
What is the remainder when 484549 is divided by 19?
11
What is the remainder when 991590 is divided by 991588?
2
What is the remainder when 326240 is divided by 45?
35
Calculate the remainder when 190759 is divided by 23843.
15
Calculate the remainder when 62140 is divided by 110.
100
What is the remainder when 2610 is divided by 260?
10
Calculate the remainder when 158081 is divided by 10538.
11
What is the remainder when 899440 is divided by 26?
22
What is the remainder when 17841 is divided by 380?
361
Calculate the remainder when 18442 is divided by 369.
361
What is the remainder when 10461 is divided by 492?
129
What is the remainder when 5369 is divided by 75?
44
What is the remainder when 21531 is divided by 127?
68
W